{"id":1129,"date":"2025-09-08T22:46:12","date_gmt":"2025-09-08T20:46:12","guid":{"rendered":"https:\/\/martariegoesteticista.com\/\/?page_id=1129"},"modified":"2025-09-08T22:52:54","modified_gmt":"2025-09-08T20:52:54","slug":"politica-de-privacidad","status":"publish","type":"page","link":"https:\/\/martariegoesteticista.com\/index.php\/politica-de-privacidad\/","title":{"rendered":"Pol\u00edtica de privacidad"},"content":{"rendered":"<div class=\"fusion-fullwidth fullwidth-box fusion-builder-row-1 fusion-flex-container has-pattern-background has-mask-background nonhundred-percent-fullwidth non-hundred-percent-height-scrolling\" style=\"--awb-border-radius-top-left:0px;--awb-border-radius-top-right:0px;--awb-border-radius-bottom-right:0px;--awb-border-radius-bottom-left:0px;--awb-flex-wrap:wrap;\" ><div class=\"fusion-builder-row fusion-row fusion-flex-align-items-flex-start fusion-flex-content-wrap\" style=\"max-width:1185.6px;margin-left: calc(-4% \/ 2 );margin-right: calc(-4% \/ 2 );\"><div class=\"fusion-layout-column fusion_builder_column fusion-builder-column-0 fusion_builder_column_1_1 1_1 fusion-flex-column\" style=\"--awb-bg-size:cover;--awb-width-large:100%;--awb-margin-top-large:0px;--awb-spacing-right-large:1.92%;--awb-margin-bottom-large:0px;--awb-spacing-left-large:1.92%;--awb-width-medium:100%;--awb-order-medium:0;--awb-spacing-right-medium:1.92%;--awb-spacing-left-medium:1.92%;--awb-width-small:100%;--awb-order-small:0;--awb-spacing-right-small:1.92%;--awb-spacing-left-small:1.92%;\"><div class=\"fusion-column-wrapper fusion-column-has-shadow fusion-flex-justify-content-flex-start fusion-content-layout-column\"><div class=\"fusion-text fusion-text-1\"><p>Le damos la bienvenida a DO\u00d1A MARTA RIEGO ROS\u00d3N, invit\u00e1ndole a conocer la presente <span style=\"background-color: rgba(0, 0, 0, 0);\">Pol\u00edtica de Privacidad con el fin de informarle de las modalidades de tratamiento de sus datos <\/span><span style=\"background-color: rgba(0, 0, 0, 0);\">personales y de sus derechos.<\/span><\/p>\n<p>DO\u00d1A MARTA RIEGO ROS\u00d3N concede una gran importancia al respeto de la vida privada y <span style=\"background-color: rgba(0, 0, 0, 0);\">toma todas las medidas necesarias para garantizar la confidencialidad y la seguridad de los <\/span><span style=\"background-color: rgba(0, 0, 0, 0);\">datos personales de los Usuarios.<\/span><\/p>\n<p><b>INFORMACI\u00d3N ADICIONAL SOBRE PROTECCI\u00d3N DE DATOS (RGPD|LOPD-gdd)<\/b><\/p>\n<p>Regulaciones legales a las que se acoge la web: DO\u00d1A MARTA RIEGO ROS\u00d3N ha <span style=\"background-color: rgba(0, 0, 0, 0);\">adecuado esta web a las exigencias de la Ley Org\u00e1nica 3\/2018, de 5 de diciembre, de <\/span><span style=\"background-color: rgba(0, 0, 0, 0);\">Protecci\u00f3n de Datos Personales y garant\u00eda de los derechos digitales (LOPD-gdd). Cumple <\/span><span style=\"background-color: rgba(0, 0, 0, 0);\">tambi\u00e9n con el Reglamento (UE) 2016\/679 del Parlamento Europeo y del Consejo, de 27 de <\/span><span style=\"background-color: rgba(0, 0, 0, 0);\">abril de 2016, relativo a la protecci\u00f3n de las personas f\u00edsicas en lo que respecta al tratamiento <\/span><span style=\"background-color: rgba(0, 0, 0, 0);\">de datos personales y a la libre circulaci\u00f3n de estos datos (RGPD), as\u00ed como con la Ley <\/span><span style=\"background-color: rgba(0, 0, 0, 0);\">34\/2002, de 11 de julio, de Servicios de la Sociedad de la Informaci\u00f3n y  Comercio Electr\u00f3nico <\/span><span style=\"background-color: rgba(0, 0, 0, 0);\">(LSSICE).<\/span><\/p>\n<p><b>1. RESPONSABLE DEL TRATAMIENTO:<\/b><\/p>\n<p><b>1.1. \u00bfQui\u00e9n es el responsable del tratamiento?<\/b><\/p>\n<p>Identidad del Responsable: DO\u00d1A MARTA RIEGO ROS\u00d3N<\/p>\n<p><span style=\"background-color: rgba(0, 0, 0, 0);\">N\u00ba de identificaci\u00f3n fiscal: 03.115.176-X<\/span><\/p>\n<p>Direcci\u00f3n postal: Avenida Madrid 23C, local 6, 19200 Azuqueca de Henares <span style=\"background-color: rgba(0, 0, 0, 0);\">(Guadalajara)<\/span><\/p>\n<p>Direcci\u00f3n electr\u00f3nica: marta@martariegoesteticista.com<\/p>\n<p>A efectos de lo previsto en el RGPD y la LOPD-gdd, la remisi\u00f3n o env\u00edo por parte del Usuario <span style=\"background-color: rgba(0, 0, 0, 0);\">de datos de car\u00e1cter personal (datos relativos a personas identificadas o identificables) a trav\u00e9s <\/span><span style=\"background-color: rgba(0, 0, 0, 0);\">de la web y el tratamiento posterior por nuestra parte, ser\u00e1 considerado como actividad de <\/span><span style=\"background-color: rgba(0, 0, 0, 0);\">tratamiento de datos. Los datos de car\u00e1cter personal que se tratan en DO\u00d1A MARTA RIEGO <\/span><span style=\"background-color: rgba(0, 0, 0, 0);\">ROS\u00d3N proceden de los distintos formularios existentes en la web.<\/span><\/p>\n<p>DO\u00d1A MARTA RIEGO ROS\u00d3N garantiza al Usuario que implementar\u00e1 las medidas t\u00e9cnicas y <span style=\"background-color: rgba(0, 0, 0, 0);\">organizativas de seguridad oportunas para el tratamiento de dichos datos, con el fin de velar <\/span><span style=\"background-color: rgba(0, 0, 0, 0);\">por la privacidad de la informaci\u00f3n.<\/span><\/p>\n<p><b>2. FINALIDAD DEL TRATAMIENTO Y LEGITIMACI\u00d3N:<\/b><\/p>\n<p><b>2.1. \u00bfCon qu\u00e9 finalidad trataremos sus datos?<\/b><\/p>\n<p>En DO\u00d1A MARTA RIEGO ROS\u00d3N tratamos los datos recabados a trav\u00e9s de los distintos <span style=\"background-color: rgba(0, 0, 0, 0);\">formularios de la web acorde a los siguientes fines:<\/span><\/p>\n<p>&#8211; Gesti\u00f3n, estudio y resoluci\u00f3n de consultas relativas a: la informaci\u00f3n incluida en la web <span style=\"background-color: rgba(0, 0, 0, 0);\">y\/o sobre nuestros servicios; al tratamiento de datos, textos legales, reclamaciones o <\/span><span style=\"background-color: rgba(0, 0, 0, 0);\">cualesquiera otras cuestiones que se hayan planteado bien a trav\u00e9s de los formularios <\/span><span style=\"background-color: rgba(0, 0, 0, 0);\">habilitados al efecto en el Sitio Web, de las direcciones de correo electr\u00f3nico <\/span><span style=\"background-color: rgba(0, 0, 0, 0);\">corporativas u otras formas de contacto que se indiquen.<\/span><\/p>\n<p><span style=\"background-color: rgba(0, 0, 0, 0);\">Los datos facilitados estar\u00e1n ubicados en los servidores gestionados por el proveedor de <\/span><span style=\"background-color: rgba(0, 0, 0, 0);\">servicios de hosting de DO\u00d1A MARTA RIEGO ROS\u00d3N, teniendo el primero la consideraci\u00f3n <\/span><span style=\"background-color: rgba(0, 0, 0, 0);\">de encargado del tratamiento. Los servidores se encuentran en territorio europeo y la empresa <\/span><span style=\"background-color: rgba(0, 0, 0, 0);\">que los gestiona ofrece garant\u00edas suficientes para aplicar las medidas de seguridad exigidas <\/span><span style=\"background-color: rgba(0, 0, 0, 0);\">por la normativa de protecci\u00f3n de datos para el tratamiento de datos personales.<\/span><\/p>\n<p>El interesado ser\u00e1 el \u00fanico responsable a causa de la cumplimentaci\u00f3n de los formularios con <span style=\"background-color: rgba(0, 0, 0, 0);\">datos falsos, inexactos, incompletos o no actualizados, exoner\u00e1ndose a DO\u00d1A MARTA RIEGO <\/span><span style=\"background-color: rgba(0, 0, 0, 0);\">ROS\u00d3N de cualquier responsabilidad al respecto. Los usuarios garantizan y responden, en <\/span><span style=\"background-color: rgba(0, 0, 0, 0);\">cualquier caso, de la exactitud, vigencia y autenticidad de los datos personales facilitados y se <\/span><span style=\"background-color: rgba(0, 0, 0, 0);\">comprometen a mantenerlos debidamente actualizados.<\/span><\/p>\n<p><b>2.2. \u00bfCu\u00e1l es la base que nos legitima para el tratamiento de sus datos?<\/b><\/p>\n<p>La base legal para el tratamiento de sus datos es el consentimiento, entre otras bases <span style=\"background-color: rgba(0, 0, 0, 0);\">legitimadoras que pudieren resultar de aplicaci\u00f3n.<\/span><\/p>\n<p>El tratamiento de sus datos est\u00e1 basado en su consentimiento expreso, el cual otorga al facilitar <span style=\"background-color: rgba(0, 0, 0, 0);\">los datos que se le solicitan a trav\u00e9s de los formularios de la web y marcar la casilla de <\/span><span style=\"background-color: rgba(0, 0, 0, 0);\">aceptaci\u00f3n de esta pol\u00edtica de privacidad, o mediante los canales de comunicaci\u00f3n detallados <\/span><span style=\"background-color: rgba(0, 0, 0, 0);\">en cada una de las secciones del sitio.<\/span><\/p>\n<p><b>2.3. \u00bfSer\u00e1 necesario que nos facilite todos sus datos? \u00bfQu\u00e9 suceder\u00e1 si no nos los <span style=\"background-color: rgba(0, 0, 0, 0);\">facilita?<\/span><\/b><\/p>\n<p>S\u00ed, ser\u00e1 necesario que nos facilite todos los datos personales solicitados. En caso que no nos <span style=\"background-color: rgba(0, 0, 0, 0);\">facilite los datos solicitados, no podremos atender debidamente su solicitud.<\/span><\/p>\n<p><b>2.4. \u00bfRealizaremos decisiones individualizadas automatizadas y\/o elaboraci\u00f3n de <span style=\"background-color: rgba(0, 0, 0, 0);\">perfiles, que produzcan efectos jur\u00eddicos o le afecten significativamente de modo <\/span><span style=\"background-color: rgba(0, 0, 0, 0);\">similar?<\/span><\/b><\/p>\n<p>No.<\/p>\n<p><b>2.5. \u00bfDurante cu\u00e1nto tiempo trataremos sus datos?<\/b><\/p>\n<p>Los datos personales proporcionados se conservar\u00e1n mientras no se solicite su supresi\u00f3n por <span style=\"background-color: rgba(0, 0, 0, 0);\">el Usuario.<\/span><\/p>\n<p><b>3. DESTINATARIOS DE CESIONES:<\/b><\/p>\n<p><b>3.1. \u00bfCederemos sus datos a otras empresas?<\/b><\/p>\n<p>DO\u00d1A MARTA RIEGO ROS\u00d3N no ceder\u00e1 a ning\u00fan tercero tus datos, excepto en los casos <span style=\"background-color: rgba(0, 0, 0, 0);\">legalmente previstos.<\/span><\/p>\n<p>Se informa al Usuario que, para la correcta prestaci\u00f3n de los servicios (v\u00e9ase, alojamiento web, <span style=\"background-color: rgba(0, 0, 0, 0);\">soporte, email marketing, etc.), distintos prestadores de servicios contratados por DO\u00d1A <\/span><span style=\"background-color: rgba(0, 0, 0, 0);\">MARTA RIEGO ROS\u00d3N (encargados del tratamiento) podr\u00e1n tener acceso a la informaci\u00f3n <\/span><span style=\"background-color: rgba(0, 0, 0, 0);\">personal necesaria para realizar sus funciones.<\/span><\/p>\n<p>Estos servicios prestados por terceros son necesarios para el desarrollo de la actividad de <span style=\"background-color: rgba(0, 0, 0, 0);\">DO\u00d1A MARTA RIEGO ROS\u00d3N y, en todo momento, el tratamiento de los datos que lleven a <\/span><span style=\"background-color: rgba(0, 0, 0, 0);\">cabo se regir\u00e1 por contrato que vincule al encargado respecto a DO\u00d1A MARTA RIEGO <\/span><span style=\"background-color: rgba(0, 0, 0, 0);\">ROS\u00d3N. En ning\u00fan caso utilizar\u00e1n la informaci\u00f3n para otros fines y la tratar\u00e1n de conformidad <\/span><span style=\"background-color: rgba(0, 0, 0, 0);\">con las directrices estipuladas por DO\u00d1A MARTA RIEGO ROS\u00d3N y la normativa vigente en <\/span><span style=\"background-color: rgba(0, 0, 0, 0);\">materia de protecci\u00f3n de datos. En aplicaci\u00f3n de la referida normativa, las comunicaciones <\/span><span style=\"background-color: rgba(0, 0, 0, 0);\">efectuadas a tales encargados de tratamiento no son consideradas cesiones de datos.<\/span><\/p>\n<p>DO\u00d1A MARTA RIEGO ROS\u00d3N, en su compromiso con la privacidad y protecci\u00f3n de datos del <span style=\"background-color: rgba(0, 0, 0, 0);\">Usuario, elegir\u00e1 \u00fanicamente prestadores de servicio que ofrezcan las garant\u00edas suficientes para <\/span><span style=\"background-color: rgba(0, 0, 0, 0);\">aplicar medidas t\u00e9cnicas y organizativas apropiadas, de manera que el tratamiento sea <\/span><span style=\"background-color: rgba(0, 0, 0, 0);\">conforme la legislaci\u00f3n aplicable en materia de protecci\u00f3n de datos y garanticen la protecci\u00f3n <\/span><span style=\"background-color: rgba(0, 0, 0, 0);\">de los derechos del Usuario.<\/span><\/p>\n<p><b>4. DESTINATARIOS DE TRANSFERENCIAS INTERNACIONALES:<\/b><\/p>\n<p><b>4.1. \u00bfSus datos de car\u00e1cter personal ser\u00e1n transferidos a terceros pa\u00edses u <span style=\"background-color: rgba(0, 0, 0, 0);\">organizaciones internacionales?<\/span><\/b><\/p>\n<p>No, por regla general.<\/p>\n<p><b>5. DERECHOS DEL INTERESADO:<\/b><\/p>\n<p><b>5.1. \u00bfQu\u00e9 derechos le amparan en relaci\u00f3n al tratamiento de sus datos?<\/b><\/p>\n<p>Cualquier interesado tiene derecho a obtener confirmaci\u00f3n sobre si en DO\u00d1A MARTA RIEGO <span style=\"background-color: rgba(0, 0, 0, 0);\">ROS\u00d3N estamos tratando datos personales que les conciernen, o no.<\/span><\/p>\n<p>Asimismo, tal y como prev\u00e9 el RGPD (arts. 15-22) y la LOPD-gdd (arts. 12-18), le informamos <span style=\"background-color: rgba(0, 0, 0, 0);\">que usted tiene los siguientes derechos:<\/span><\/p>\n<p>&#8211; Acceder a sus datos: Ud. tiene derecho a acceder a sus datos para conocer qu\u00e9 datos <span style=\"background-color: rgba(0, 0, 0, 0);\">personales estamos tratando que le conciernen.<\/span><\/p>\n<p>&#8211; Solicitar la rectificaci\u00f3n o supresi\u00f3n de sus datos: En determinadas circunstancias, Ud. <span style=\"background-color: rgba(0, 0, 0, 0);\">tiene derecho a rectificar aquellos datos personales inexactos que le conciernen que <\/span><span style=\"background-color: rgba(0, 0, 0, 0);\">sean objeto de tratamiento por nuestra parte o, incluso, a solicitarnos su supresi\u00f3n <\/span><span style=\"background-color: rgba(0, 0, 0, 0);\">cuando, entre otros motivos, los datos ya no fueran necesarios para los fines que <\/span><span style=\"background-color: rgba(0, 0, 0, 0);\">fueron recogidos.<\/span><\/p>\n<p>&#8211; Solicitar la limitaci\u00f3n del tratamiento de sus datos: En determinadas circunstancias, Ud. <span style=\"background-color: rgba(0, 0, 0, 0);\">tendr\u00e1 derecho a solicitarnos la limitaci\u00f3n del tratamiento de sus datos, en cuyo caso le <\/span><span style=\"background-color: rgba(0, 0, 0, 0);\">informamos que \u00fanicamente los conservaremos para el ejercicio o defensa de <\/span><span style=\"background-color: rgba(0, 0, 0, 0);\">reclamaciones tal y como prev\u00e9 el RGPD y la LOPD-gdd.<\/span><\/p>\n<p>&#8211; A la portabilidad de sus datos: En determinadas circunstancias, Ud. tendr\u00e1 derecho a <span style=\"background-color: rgba(0, 0, 0, 0);\">recibir los datos personales que le incumban, y que nos haya facilitado, en un formato <\/span><span style=\"background-color: rgba(0, 0, 0, 0);\">estructurado, de uso com\u00fan y lectura mec\u00e1nica, y a transmitirlos a otro responsable del <\/span><span style=\"background-color: rgba(0, 0, 0, 0);\">tratamiento.<\/span><\/p>\n<p>&#8211; Oponerse al tratamiento de sus datos: En determinadas circunstancias y por motivos <span style=\"background-color: rgba(0, 0, 0, 0);\">relacionados con su situaci\u00f3n particular, Ud. tendr\u00e1 derecho a oponerse al tratamiento <\/span><span style=\"background-color: rgba(0, 0, 0, 0);\">de sus datos en cuyo caso, dejar\u00edamos de tratarlos salvo por motivos leg\u00edtimos <\/span><span style=\"background-color: rgba(0, 0, 0, 0);\">imperiosos, o el ejercicio o la defensa de posibles reclamaciones.<\/span><\/p>\n<p>&#8211; Solicitar no ser objeto de decisiones individuales automatizadas, incluida la elaboraci\u00f3n <span style=\"background-color: rgba(0, 0, 0, 0);\">de perfiles.<\/span><\/p>\n<p>&#8211; Presentar una reclamaci\u00f3n en materia de protecci\u00f3n de datos a la autoridad de control <span style=\"background-color: rgba(0, 0, 0, 0);\">(Agencia Espa\u00f1ola de Protecci\u00f3n de Datos).<\/span><\/p>\n<p><b>5.2. \u00bfCu\u00e1ndo responderemos a su solicitud?<\/b><\/p>\n<p>Responderemos a sus peticiones a la mayor brevedad posible y, en todo caso, en el plazo de <span style=\"background-color: rgba(0, 0, 0, 0);\">un mes desde la recepci\u00f3n de su solicitud. Dicho plazo podr\u00e1 prorrogarse otros dos meses en <\/span><span style=\"background-color: rgba(0, 0, 0, 0);\">caso necesario, teniendo en cuenta la complejidad y el n\u00famero de solicitudes. El responsable <\/span><span style=\"background-color: rgba(0, 0, 0, 0);\">informar\u00e1 al interesado de la pr\u00f3rroga dentro del primer mes desde la solicitud.<\/span><\/p>\n<p><span style=\"background-color: rgba(0, 0, 0, 0);\"><b>5.3. \u00bfUsted tiene derecho a retirar su consentimiento?<\/b><\/span><\/p>\n<p>El interesado tiene derecho a retirar el consentimiento en cualquier momento, sin que ello <span style=\"background-color: rgba(0, 0, 0, 0);\">afecte a la licitud del tratamiento basado en el consentimiento previo a su retirada.<\/span><\/p>\n<p><b>5.4. \u00bfD\u00f3nde debe dirigirse para el ejercicio sus derechos?<\/b><\/p>\n<p>Para el ejercicio de los derechos reconocidos, el interesado podr\u00e1 ponerse en contacto <span style=\"background-color: rgba(0, 0, 0, 0);\">con DO\u00d1A MARTA RIEGO ROS\u00d3N a trav\u00e9s de la direcci\u00f3n de correo electr\u00f3nico: <\/span><span style=\"background-color: rgba(0, 0, 0, 0);\">marta@martariegoesteticista.com o dirigiendo un escrito a la direcci\u00f3n postal: Avenida Madrid <\/span><span style=\"background-color: rgba(0, 0, 0, 0);\">23C, local 6, 19200 Azuqueca de Henares (Guadalajara).<\/span><\/p>\n<p><b>5.5. \u00bfUsted tiene derecho a reclamar?<\/b><\/p>\n<p>S\u00ed. Usted, especialmente cuando no haya obtenido satisfacci\u00f3n plena en el ejercicio de sus <span style=\"background-color: rgba(0, 0, 0, 0);\">derechos, tiene derecho a presentar una reclamaci\u00f3n ante la autoridad nacional de control. A <\/span><span style=\"background-color: rgba(0, 0, 0, 0);\">estos efectos debe dirigirse ante la Agencia Espa\u00f1ola de Protecci\u00f3n de Datos, cuyos datos de <\/span><span style=\"background-color: rgba(0, 0, 0, 0);\">contacto indicamos a continuaci\u00f3n:<\/span><\/p>\n<p>C\/ Jorge Juan, 6 \u2013 28001 Madrid | https:\/\/www.aepd.com | dpd@agpd.com<\/p>\n<p>Tel. 901100099 \u2013 912663517<\/p>\n<p><b>6. ACEPTACI\u00d3N Y CONSENTIMIENTO<\/b><\/p>\n<p>Usted, como Usuario, declara haber sido informado de las condiciones sobre protecci\u00f3n de <span style=\"background-color: rgba(0, 0, 0, 0);\">datos de car\u00e1cter personal, aceptando y consintiendo el tratamiento de los mismos por parte de <\/span><span style=\"background-color: rgba(0, 0, 0, 0);\">DO\u00d1A MARTA RIEGO ROS\u00d3N en la forma y para las finalidades indicadas en esta pol\u00edtica de <\/span><span style=\"background-color: rgba(0, 0, 0, 0);\">privacidad.<\/span><\/p>\n<p><b>7. MODIFICACI\u00d3N DE LAS CONDICIONES DE LA POL\u00cdTICA DE PRIVACIDAD<\/b><\/p>\n<p>DO\u00d1A MARTA RIEGO ROS\u00d3N se reserva expresamente el derecho a modificar la presente <span style=\"background-color: rgba(0, 0, 0, 0);\">pol\u00edtica de privacidad para adaptarla a cualquier novedad legislativa, jurisprudencial o de <\/span><span style=\"background-color: rgba(0, 0, 0, 0);\">cualquier otra \u00edndole.<\/span><\/p>\n<p><b>8. CONTACTO<\/b><\/p>\n<p>En caso de que el Usuario tuviese alguna duda acerca de nuestra pol\u00edtica de privacidad, por <span style=\"background-color: rgba(0, 0, 0, 0);\">favor, dir\u00edjase a marta@martariegoesteticista.com<\/span><\/p>\n<p>La pol\u00edtica de privacidad ha sido actualizada por \u00faltima vez el 1 de septiembre de 2025.<\/p>\n<\/div><\/div><\/div><\/div><\/div>\n","protected":false},"excerpt":{"rendered":"","protected":false},"author":1,"featured_media":0,"parent":0,"menu_order":0,"comment_status":"closed","ping_status":"closed","template":"","meta":{"footnotes":""},"class_list":["post-1129","page","type-page","status-publish","hentry"],"yoast_head":"<!-- This site is optimized with the Yoast SEO plugin v25.1 - https:\/\/yoast.com\/wordpress\/plugins\/seo\/ -->\n<title>Pol\u00edtica de privacidad - Marta Riego Esteticista<\/title>\n<meta name=\"robots\" content=\"noindex, follow, max-snippet:-1, max-image-preview:large, max-video-preview:-1\" \/>\n<meta property=\"og:locale\" content=\"es_ES\" \/>\n<meta property=\"og:type\" content=\"article\" \/>\n<meta property=\"og:title\" content=\"Pol\u00edtica de privacidad - Marta Riego Esteticista\" \/>\n<meta property=\"og:url\" content=\"https:\/\/martariegoesteticista.com\/\/index.php\/politica-de-privacidad\/\" \/>\n<meta property=\"og:site_name\" content=\"Marta Riego Esteticista\" \/>\n<meta property=\"article:modified_time\" content=\"2025-09-08T20:52:54+00:00\" \/>\n<meta name=\"twitter:card\" content=\"summary_large_image\" \/>\n<meta name=\"twitter:label1\" content=\"Tiempo de lectura\" \/>\n\t<meta name=\"twitter:data1\" content=\"8 minutos\" \/>\n<script type=\"application\/ld+json\" class=\"yoast-schema-graph\">{\"@context\":\"https:\/\/schema.org\",\"@graph\":[{\"@type\":\"WebPage\",\"@id\":\"https:\/\/martariegoesteticista.com\/\/index.php\/politica-de-privacidad\/\",\"url\":\"https:\/\/martariegoesteticista.com\/\/index.php\/politica-de-privacidad\/\",\"name\":\"Pol\u00edtica de privacidad - Marta Riego Esteticista\",\"isPartOf\":{\"@id\":\"https:\/\/martariegoesteticista.com\/#website\"},\"datePublished\":\"2025-09-08T20:46:12+00:00\",\"dateModified\":\"2025-09-08T20:52:54+00:00\",\"breadcrumb\":{\"@id\":\"https:\/\/martariegoesteticista.com\/\/index.php\/politica-de-privacidad\/#breadcrumb\"},\"inLanguage\":\"es\",\"potentialAction\":[{\"@type\":\"ReadAction\",\"target\":[\"https:\/\/martariegoesteticista.com\/\/index.php\/politica-de-privacidad\/\"]}]},{\"@type\":\"BreadcrumbList\",\"@id\":\"https:\/\/martariegoesteticista.com\/\/index.php\/politica-de-privacidad\/#breadcrumb\",\"itemListElement\":[{\"@type\":\"ListItem\",\"position\":1,\"name\":\"Portada\",\"item\":\"https:\/\/martariegoesteticista.com\/\"},{\"@type\":\"ListItem\",\"position\":2,\"name\":\"Pol\u00edtica de privacidad\"}]},{\"@type\":\"WebSite\",\"@id\":\"https:\/\/martariegoesteticista.com\/#website\",\"url\":\"https:\/\/martariegoesteticista.com\/\",\"name\":\"Marta Riego Esteticista\",\"description\":\"Tratamientos de belleza pensados para ti. Descubre el arte de cuidarte.\",\"potentialAction\":[{\"@type\":\"SearchAction\",\"target\":{\"@type\":\"EntryPoint\",\"urlTemplate\":\"https:\/\/martariegoesteticista.com\/?s={search_term_string}\"},\"query-input\":{\"@type\":\"PropertyValueSpecification\",\"valueRequired\":true,\"valueName\":\"search_term_string\"}}],\"inLanguage\":\"es\"}]}<\/script>\n<!-- \/ Yoast SEO plugin. -->","yoast_head_json":{"title":"Pol\u00edtica de privacidad - Marta Riego Esteticista","robots":{"index":"noindex","follow":"follow","max-snippet":"max-snippet:-1","max-image-preview":"max-image-preview:large","max-video-preview":"max-video-preview:-1"},"og_locale":"es_ES","og_type":"article","og_title":"Pol\u00edtica de privacidad - Marta Riego Esteticista","og_url":"https:\/\/martariegoesteticista.com\/\/index.php\/politica-de-privacidad\/","og_site_name":"Marta Riego Esteticista","article_modified_time":"2025-09-08T20:52:54+00:00","twitter_card":"summary_large_image","twitter_misc":{"Tiempo de lectura":"8 minutos"},"schema":{"@context":"https:\/\/schema.org","@graph":[{"@type":"WebPage","@id":"https:\/\/martariegoesteticista.com\/\/index.php\/politica-de-privacidad\/","url":"https:\/\/martariegoesteticista.com\/\/index.php\/politica-de-privacidad\/","name":"Pol\u00edtica de privacidad - Marta Riego Esteticista","isPartOf":{"@id":"https:\/\/martariegoesteticista.com\/#website"},"datePublished":"2025-09-08T20:46:12+00:00","dateModified":"2025-09-08T20:52:54+00:00","breadcrumb":{"@id":"https:\/\/martariegoesteticista.com\/\/index.php\/politica-de-privacidad\/#breadcrumb"},"inLanguage":"es","potentialAction":[{"@type":"ReadAction","target":["https:\/\/martariegoesteticista.com\/\/index.php\/politica-de-privacidad\/"]}]},{"@type":"BreadcrumbList","@id":"https:\/\/martariegoesteticista.com\/\/index.php\/politica-de-privacidad\/#breadcrumb","itemListElement":[{"@type":"ListItem","position":1,"name":"Portada","item":"https:\/\/martariegoesteticista.com\/"},{"@type":"ListItem","position":2,"name":"Pol\u00edtica de privacidad"}]},{"@type":"WebSite","@id":"https:\/\/martariegoesteticista.com\/#website","url":"https:\/\/martariegoesteticista.com\/","name":"Marta Riego Esteticista","description":"Tratamientos de belleza pensados para ti. Descubre el arte de cuidarte.","potentialAction":[{"@type":"SearchAction","target":{"@type":"EntryPoint","urlTemplate":"https:\/\/martariegoesteticista.com\/?s={search_term_string}"},"query-input":{"@type":"PropertyValueSpecification","valueRequired":true,"valueName":"search_term_string"}}],"inLanguage":"es"}]}},"_links":{"self":[{"href":"https:\/\/martariegoesteticista.com\/index.php\/wp-json\/wp\/v2\/pages\/1129","targetHints":{"allow":["GET"]}}],"collection":[{"href":"https:\/\/martariegoesteticista.com\/index.php\/wp-json\/wp\/v2\/pages"}],"about":[{"href":"https:\/\/martariegoesteticista.com\/index.php\/wp-json\/wp\/v2\/types\/page"}],"author":[{"embeddable":true,"href":"https:\/\/martariegoesteticista.com\/index.php\/wp-json\/wp\/v2\/users\/1"}],"replies":[{"embeddable":true,"href":"https:\/\/martariegoesteticista.com\/index.php\/wp-json\/wp\/v2\/comments?post=1129"}],"version-history":[{"count":2,"href":"https:\/\/martariegoesteticista.com\/index.php\/wp-json\/wp\/v2\/pages\/1129\/revisions"}],"predecessor-version":[{"id":1131,"href":"https:\/\/martariegoesteticista.com\/index.php\/wp-json\/wp\/v2\/pages\/1129\/revisions\/1131"}],"wp:attachment":[{"href":"https:\/\/martariegoesteticista.com\/index.php\/wp-json\/wp\/v2\/media?parent=1129"}],"curies":[{"name":"wp","href":"https:\/\/api.w.org\/{rel}","templated":true}]}}